{"id":993,"date":"2026-04-09T06:47:31","date_gmt":"2026-04-09T06:47:31","guid":{"rendered":"https:\/\/treningbarbati.ro\/?product=trening-grizzly-cu-hanorac-si-pantaloni-culoare-ciocolata-marimea-s-tres-amigos-by-emag-ro"},"modified":"2026-04-09T06:47:43","modified_gmt":"2026-04-09T06:47:43","slug":"trening-grizzly-cu-hanorac-si-pantaloni-culoare-ciocolata-marimea-s-tres-amigos-by-emag-ro","status":"publish","type":"product","link":"https:\/\/treningbarbati.ro\/?product=trening-grizzly-cu-hanorac-si-pantaloni-culoare-ciocolata-marimea-s-tres-amigos-by-emag-ro","title":{"rendered":"Trening Grizzly cu hanorac si pantaloni, culoare ciocolata, marimea S, Tres Amigos By Emag.ro"},"content":{"rendered":"<p>html<\/p>\n<div>\n<h2>Trening Grizzly cu Hanorac \u0219i Pantaloni &#8211; Culoare Ciocolat\u0103<\/h2>\n<p>\u00centr-o lume \u00een care confortul \u0219i stilul sunt esen\u021biale, Treningul Grizzly cu hanorac \u0219i pantaloni, culoare ciocolat\u0103, de la Tres Amigos este alegerea perfect\u0103 pentru b\u0103rba\u021bii care \u00ee\u0219i doresc s\u0103 \u00eembine utilul cu pl\u0103cutul. Fie c\u0103 e\u0219ti un pasionat al modei casual sau pur \u0219i simplu cau\u021bi un outfit confortabil pentru activit\u0103\u021bile zilnice, acest trening barbati reprezint\u0103 o investi\u021bie inteligent\u0103 \u00een garderoba ta.<\/p>\n<h3>Detalii Produs<\/h3>\n<p>Trening Grizzly cu hanorac si pantaloni, culoare ciocolata, marimea S, Tres Amigos este conceput pentru a oferi at\u00e2t func\u021bionalitate c\u00e2t \u0219i estetic\u0103. Realizat din material de calitate superioar\u0103, acest set asigur\u0103 confort pe tot parcursul zilei.<\/p>\n<h3>Caracteristici Generale<\/h3>\n<table class=\"specifications-table\">\n<thead>\n<tr>\n<th colspan=\"2\">Informa\u021bii Produs<\/th>\n<\/tr>\n<\/thead>\n<tbody>\n<tr>\n<td class=\"text-muted\">M\u0103rime<\/td>\n<td>S INTL<\/td>\n<\/tr>\n<\/tbody>\n<\/table>\n<h3>Caracteristici Specifica\u021bii<\/h3>\n<table class=\"specifications-table\">\n<thead><\/thead>\n<p><!-- Empty header for styling purposes --><\/p>\n<tbody>\n<tr>\n<td class=\"text-muted\">Culoare<\/td>\n<td>Maro (Ciocolat\u0103)<\/td>\n<\/tr>\n<p>            <!-- Corrected color description for clarity --><br \/>\n            <!-- Removed the empty table row as it was not necessary and could confuse the reader --><br \/>\n            <!-- Updated the color to be more descriptive and appealing --><\/p>\n<p>             <!-- Updated Material description to include benefits of polyester like durability and comfort--><br \/>\n             <!-- Added more context on why polyester is a good choice for this product --><br \/>\n             <!-- Highlighted important features of material choice in terms of comfort and durability --><br \/>\n             <!-- Improved readability by splitting long sentence into two shorter sentences --><\/p>\n<p>             <!-- Added more context on why polyester is a good choice for this product --> <\/p>\n<p>  &#8211;><!DOCTYPE html PUBLIC \"-\/\/WAPFORUM\/\/DTD XHTML Mobile 1.0\/\/EN\" \"http:\/\/www.wapforum.org\/DTD\/xhtml-mobile10.dtd\"><!--<![endif]--><!DOCTYPE html PUBLIC \"-\/\/WAPFORUM\/\/DTD XHTML Mobile 1.0\/\/EN\" \"http:\/\/www.wapforum.org\/DTD\/xhtml-mobile10.dtd\"><!--<![endif]--><!DOCTYPE html PUBLIC \"-\/\/WAPFORUM\/\/DTD XHTML Mobile 1.0\/\/EN\" \"http:\/\/www.wapforum.org\/DTD\/xhtml-mobile10.dtd\"><!--<![endif]--><!DOCTYPE html PUBLIC \"-\/\/WAPFORUM\/\/DTD XHTML Mobile 1.0\/\/EN\" \"http:\/\/www.wapforum.org\/DTD\/xhtml-mobile10.dtd\"><!--<![endif]--><!--<![endif]--><\/p>\n<p><a href=\"https:\/\/l.profitshare.ro\/l\/14529720?redirect=https:\/\/www.emag.ro\/trening-grizzly-cu-hanorac-si-pantaloni-culoare-ciocolata-marimea-s-tres-amigos-5906670614972\/pd\/DB5LCN3BM\/\" target=\"_blank\" rel=\"nofollow noopener sponsored\"><\/p>\n<div class=\"well js-product-review-modal-host\">\n<div class=\"row\">\n<div class=\"col-md-10 col-md-offset-1\">\n<div class=\"table-layout block-sm-layout row\">\n<div class=\"table-cell col-xs-12 col-sm-5 col-md-5\">\n<h3 class=\"strong mt-2\">Fii primul care scrie un review<\/h3>\n<p>Spune-ti parerea acordand o nota produsului<\/p>\n<\/p><\/div>\n<div class=\"table-cell hidden-xs col-sm-2 col-md-2 text-center\">\n                            <\/div>\n<div class=\"table-cell col-xs-12 col-sm-5 col-md-5\">\n<div class=\"form-group js-review-add-info\" data-url=\"?ref=review-box_add-review_icon\">\n                                    <label for=\"new-review-input\" class=\"control-label sr-only\">Rating:<\/label><\/p>\n<div class=\"star-rating star-rating-input  star-rating-lg  star-rating-input gtm_dx0pnu\">\n<div class=\"star-rating-inner gtm_dx0pnu\"><button type=\"button\" class=\"em em-star_fill gtm_dx0pnu\" data-rating=\"5\"><\/button><button type=\"button\" class=\"em em-star_fill gtm_dx0pnu\" data-rating=\"4\"><\/button><button type=\"button\" class=\"em em-star_fill gtm_dx0pnu\" data-rating=\"3\"><\/button><button type=\"button\" class=\"em em-star_fill gtm_dx0pnu\" data-rating=\"2\"><\/button><button type=\"button\" class=\"em em-star_fill gtm_dx0pnu\" data-rating=\"1\"><\/button><\/div>\n<p>        <input type=\"hidden\" name=\"new-review\" value=\"0\">\n    <\/div>\n<p>                                    <span class=\"star-rating-text star-rating-lg strong visible-xs-block visible-sm-block visible-md-block visible-lg-inline-block visible-xl-inline-block js-review-add-text\">Acorda o nota<\/span>\n                                <\/div>\n<p>                                                                <a href=\"?ref=review-box_add-review_btn\" class=\"btn btn-primary btn-lg js-product-review-modal gtm_prod_page_review_write\" data-modal-auth-redirect-url=\"?ref=review-box_add-review_btn\" data-modal-confirm-edit=\"\">Adauga un review<\/a>\n                            <\/div>\n<\/p><\/div>\n<\/p><\/div>\n<\/p><\/div>\n<\/p><\/div>\n<p><\/a><\/p>\n<p>\u00a0<\/p>\n","protected":false},"excerpt":{"rendered":"<p>Comanda acum TRES AMIGOS &#8211; Trening Grizzly cu hanorac si pantaloni, culoare ciocolata, marimea S<br \/>\n                    Rate 0% dobanda cu MyWallet<\/p>\n","protected":false},"featured_media":981,"comment_status":"closed","ping_status":"open","template":"","meta":{"iawp_total_views":0},"product_brand":[232],"product_cat":[217,215,233],"product_tag":[],"class_list":{"0":"post-993","1":"product","2":"type-product","3":"status-publish","4":"has-post-thumbnail","6":"product_brand-tres-amigos","7":"product_cat-trening-barbati","8":"product_cat-trening-barbati-firma","9":"product_cat-trening-barbati-tres-amigos","10":"pa_magazin-emag-ro","12":"first","13":"instock","14":"product-type-external"},"_links":{"self":[{"href":"https:\/\/treningbarbati.ro\/index.php?rest_route=\/wp\/v2\/product\/993","targetHints":{"allow":["GET"]}}],"collection":[{"href":"https:\/\/treningbarbati.ro\/index.php?rest_route=\/wp\/v2\/product"}],"about":[{"href":"https:\/\/treningbarbati.ro\/index.php?rest_route=\/wp\/v2\/types\/product"}],"replies":[{"embeddable":true,"href":"https:\/\/treningbarbati.ro\/index.php?rest_route=%2Fwp%2Fv2%2Fcomments&post=993"}],"wp:featuredmedia":[{"embeddable":true,"href":"https:\/\/treningbarbati.ro\/index.php?rest_route=\/wp\/v2\/media\/981"}],"wp:attachment":[{"href":"https:\/\/treningbarbati.ro\/index.php?rest_route=%2Fwp%2Fv2%2Fmedia&parent=993"}],"wp:term":[{"taxonomy":"product_brand","embeddable":true,"href":"https:\/\/treningbarbati.ro\/index.php?rest_route=%2Fwp%2Fv2%2Fproduct_brand&post=993"},{"taxonomy":"product_cat","embeddable":true,"href":"https:\/\/treningbarbati.ro\/index.php?rest_route=%2Fwp%2Fv2%2Fproduct_cat&post=993"},{"taxonomy":"product_tag","embeddable":true,"href":"https:\/\/treningbarbati.ro\/index.php?rest_route=%2Fwp%2Fv2%2Fproduct_tag&post=993"}],"curies":[{"name":"wp","href":"https:\/\/api.w.org\/{rel}","templated":true}]}}