{"id":991,"date":"2026-04-09T06:47:31","date_gmt":"2026-04-09T06:47:31","guid":{"rendered":"https:\/\/treningbarbati.ro\/?product=set-barbatesc-camasa-si-pantaloni-scurti-din-muselina-negru-marimea-m-tres-amigos-by-emag-ro"},"modified":"2026-04-09T06:47:41","modified_gmt":"2026-04-09T06:47:41","slug":"set-barbatesc-camasa-si-pantaloni-scurti-din-muselina-negru-marimea-m-tres-amigos-by-emag-ro","status":"publish","type":"product","link":"https:\/\/treningbarbati.ro\/?product=set-barbatesc-camasa-si-pantaloni-scurti-din-muselina-negru-marimea-m-tres-amigos-by-emag-ro","title":{"rendered":"Set barbatesc camasa si pantaloni scurti din muselina, negru, marimea M, Tres Amigos By Emag.ro"},"content":{"rendered":"<p>html<\/p>\n<div>\n<h2>Introducere<\/h2>\n<p>Descoper\u0103 elegan\u021ba \u0219i confortul absolut cu setul b\u0103rb\u0103tesc de c\u0103ma\u0219\u0103 \u0219i pantaloni scur\u021bi din muselin\u0103, negru, m\u0103rimea M, de la Tres Amigos. Acest produs este creat pentru b\u0103rbatul modern care apreciaz\u0103 at\u00e2t stilul, c\u00e2t \u0219i func\u021bionalitatea. Indiferent dac\u0103 te preg\u0103te\u0219ti pentru o \u00eent\u00e2lnire casual sau dore\u0219ti s\u0103 te relaxezi \u00eentr-o zi liber\u0103, acest set \u00ee\u021bi ofer\u0103 flexibilitatea necesar\u0103 pentru a ar\u0103ta impecabil \u00een orice situa\u021bie.<\/p>\n<h2>Detalii Produs<\/h2>\n<div id=\"collapse-wrapper-description\">\n<div class=\"product-page-description description-banner-right\">\n<div class=\"product-page-description-text\">\n<p>Set b\u0103rb\u0103tesc c\u0103ma\u0219\u0103 \u0219i pantaloni scur\u021bi din muselin\u0103, negru, m\u0103rimea M, Tres Amigos &#8211; un exemplu perfect de \u00eembinare \u00eentre stil contemporan \u0219i confort superior.<\/p>\n<\/p><\/div>\n<\/p><\/div>\n<\/p><\/div>\n<h3>Caracteristici Generale<\/h3>\n<table class=\"table table-striped specifications-table\">\n<tbody>\n<tr>\n<td class=\"col-xs-4 text-muted\">M\u0103rime<\/td>\n<td class=\"col-xs-8\">M INTL<\/td>\n<\/tr>\n<\/tbody>\n<\/table>\n<h3>Caracteristici Specifica\u021bii<\/h3>\n<table class=\"table table-striped specifications-table\">\n<thead><\/thead>\n<tbody>\n<tr>\n<th>Culoare<\/th>\n<td>Negru stins<\/td>\n<\/tr>\n<tr>\n<th>Material<\/th>\n<td>Poliester<\/td>\n<\/tr>\n<\/tbody>\n<\/table>\n<p>    <!-- Sfaturi de utilizare --><br \/>\n    <!-- Beneficii practice --><\/p>\n<p>    <!-- Argumente de v\u00e2nzare --><\/p>\n<p>     <!-- Sugestii de stil --><\/p>\n<p><a href=\"https:\/\/l.profitshare.ro\/l\/14529720?redirect=https:\/\/www.emag.ro\/set-barbatesc-camasa-si-pantaloni-scurti-din-muselina-negru-marimea-m-tres-amigos-5906670603419\/pd\/D0QLCN3BM\/\" target=\"_blank\" rel=\"nofollow noopener sponsored\"><\/p>\n<div class=\"well js-product-review-modal-host\">\n<div class=\"row\">\n<div class=\"col-md-10 col-md-offset-1\">\n<div class=\"table-layout block-sm-layout row\">\n<div class=\"table-cell col-xs-12 col-sm-5 col-md-5\">\n<h3 class=\"strong mt-2\">Fii primul care scrie un review<\/h3>\n<p>Spune-ti parerea acordand o nota produsului<\/p>\n<\/p><\/div>\n<div class=\"table-cell hidden-xs col-sm-2 col-md-2 text-center\">\n                            <\/div>\n<div class=\"table-cell col-xs-12 col-sm-5 col-md-5\">\n<div class=\"form-group js-review-add-info\" data-url=\"?ref=review-box_add-review_icon\">\n                                    <label for=\"new-review-input\" class=\"control-label sr-only\">Rating:<\/label><\/p>\n<div class=\"star-rating star-rating-input  star-rating-lg  star-rating-input gtm_dx0pnu\">\n<div class=\"star-rating-inner gtm_dx0pnu\"><button type=\"button\" class=\"em em-star_fill gtm_dx0pnu\" data-rating=\"5\"><\/button><button type=\"button\" class=\"em em-star_fill gtm_dx0pnu\" data-rating=\"4\"><\/button><button type=\"button\" class=\"em em-star_fill gtm_dx0pnu\" data-rating=\"3\"><\/button><button type=\"button\" class=\"em em-star_fill gtm_dx0pnu\" data-rating=\"2\"><\/button><button type=\"button\" class=\"em em-star_fill gtm_dx0pnu\" data-rating=\"1\"><\/button><\/div>\n<p>        <input type=\"hidden\" name=\"new-review\" value=\"0\">\n    <\/div>\n<p>                                    <span class=\"star-rating-text star-rating-lg strong visible-xs-block visible-sm-block visible-md-block visible-lg-inline-block visible-xl-inline-block js-review-add-text\">Acorda o nota<\/span>\n                                <\/div>\n<p>                                                                <a href=\"?ref=review-box_add-review_btn\" class=\"btn btn-primary btn-lg js-product-review-modal gtm_prod_page_review_write\" data-modal-auth-redirect-url=\"?ref=review-box_add-review_btn\" data-modal-confirm-edit=\"\">Adauga un review<\/a>\n                            <\/div>\n<\/p><\/div>\n<\/p><\/div>\n<\/p><\/div>\n<\/p><\/div>\n<p><\/a><\/p>\n<p>\u00a0<\/p>\n","protected":false},"excerpt":{"rendered":"<p>Comanda acum TRES AMIGOS &#8211; Set barbatesc camasa si pantaloni scurti din muselina, negru, marimea M<br \/>\n                    Rate 0% dobanda cu MyWallet<\/p>\n","protected":false},"featured_media":909,"comment_status":"closed","ping_status":"open","template":"","meta":{"iawp_total_views":0},"product_brand":[232],"product_cat":[217,215,233],"product_tag":[],"class_list":{"0":"post-991","1":"product","2":"type-product","3":"status-publish","4":"has-post-thumbnail","6":"product_brand-tres-amigos","7":"product_cat-trening-barbati","8":"product_cat-trening-barbati-firma","9":"product_cat-trening-barbati-tres-amigos","10":"pa_magazin-emag-ro","12":"first","13":"instock","14":"product-type-external"},"_links":{"self":[{"href":"https:\/\/treningbarbati.ro\/index.php?rest_route=\/wp\/v2\/product\/991","targetHints":{"allow":["GET"]}}],"collection":[{"href":"https:\/\/treningbarbati.ro\/index.php?rest_route=\/wp\/v2\/product"}],"about":[{"href":"https:\/\/treningbarbati.ro\/index.php?rest_route=\/wp\/v2\/types\/product"}],"replies":[{"embeddable":true,"href":"https:\/\/treningbarbati.ro\/index.php?rest_route=%2Fwp%2Fv2%2Fcomments&post=991"}],"wp:featuredmedia":[{"embeddable":true,"href":"https:\/\/treningbarbati.ro\/index.php?rest_route=\/wp\/v2\/media\/909"}],"wp:attachment":[{"href":"https:\/\/treningbarbati.ro\/index.php?rest_route=%2Fwp%2Fv2%2Fmedia&parent=991"}],"wp:term":[{"taxonomy":"product_brand","embeddable":true,"href":"https:\/\/treningbarbati.ro\/index.php?rest_route=%2Fwp%2Fv2%2Fproduct_brand&post=991"},{"taxonomy":"product_cat","embeddable":true,"href":"https:\/\/treningbarbati.ro\/index.php?rest_route=%2Fwp%2Fv2%2Fproduct_cat&post=991"},{"taxonomy":"product_tag","embeddable":true,"href":"https:\/\/treningbarbati.ro\/index.php?rest_route=%2Fwp%2Fv2%2Fproduct_tag&post=991"}],"curies":[{"name":"wp","href":"https:\/\/api.w.org\/{rel}","templated":true}]}}