{"id":949,"date":"2026-04-09T06:47:06","date_gmt":"2026-04-09T06:47:06","guid":{"rendered":"https:\/\/treningbarbati.ro\/?product=june-trening-uni-regular-fit-negru-by-emag-ro"},"modified":"2026-04-09T06:47:10","modified_gmt":"2026-04-09T06:47:10","slug":"june-trening-uni-regular-fit-negru-by-emag-ro","status":"publish","type":"product","link":"https:\/\/treningbarbati.ro\/?product=june-trening-uni-regular-fit-negru-by-emag-ro","title":{"rendered":"June, Trening uni regular fit, Negru By Emag.ro"},"content":{"rendered":"<p>&#8220;`html<\/p>\n<div>\n<h2>Introducere captivant\u0103<\/h2>\n<p>\u00centr-o lume \u00een care confortul \u0219i stilul sunt esen\u021biale, treningul June pentru b\u0103rba\u021bi reprezint\u0103 alegerea perfect\u0103. Acest produs nu este doar o pies\u0103 vestimentar\u0103, ci un simbol al elegan\u021bei casual ce \u00eembin\u0103 func\u021bionalitatea cu un design modern. Fie c\u0103 e\u0219ti \u00een c\u0103utarea unui outfit relaxat pentru weekend sau a unei \u021binute versatile pentru activit\u0103\u021bile zilnice, acest trening negru uni te va \u00eenso\u021bi cu succes oriunde.<\/p>\n<h2>Descriere detaliat\u0103<\/h2>\n<p class=\"pt-5 text-uppercase strong\">Caracteristici<\/p>\n<table class=\"table table-striped specifications-table\">\n<tbody>\n<tr>\n<td class=\"col-xs-4 text-muted\">Culoare<\/td>\n<td class=\"col-xs-8\">Negru<\/td>\n<\/tr>\n<tr>\n<td class=\"col-xs-4 text-muted\">Imprimeu<\/td>\n<td class=\"col-xs-8\">Uni<\/td>\n<\/tr>\n<tr>\n<td class=\"col-xs-4 text-muted\">Material<\/td>\n<td class=\"col-xs-8\">Poliester, Bumbac<\/td>\n<\/tr>\n<tr>\n<td class=\"col-xs-4 text-muted\">Croial\u0103<\/td>\n<td class=\"col-xs-8\">Regular fit<\/td>\n<\/tr>\n<p>            <!-- Continue with other rows as per the original table --><br \/>\n        <\/tbody>\n<\/table>\n<p>    <!-- Compozi\u021bie Section --><\/p>\n<p class=\"pt-5 text-uppercase strong\">Compozi\u021bie<\/p>\n<p>    <!-- Table for composition --><\/p>\n<p>   <!-- Continue with rest of the description --><\/p>\n<p>   <!-- Sfaturi de utilizare \u0219i beneficii practice --><br \/>\n   <!-- Argumente de v\u00e2nzare --><br \/>\n   <!-- Sugestii de stil --><\/p>\n<p>   <!-- Closing div tag --><br \/>\n&#8220;`<br \/>\nNote: The above HTML snippet is a template and is not complete; it needs to be filled in with additional content for sections such as &#8220;Sfaturi de utilizare&#8221;, &#8220;Argumente de v\u00e2nzare&#8221;, and &#8220;Sugestii de stil&#8221;.<\/p>\n<p><a href=\"https:\/\/l.profitshare.ro\/l\/14529720?redirect=https:\/\/www.emag.ro\/june-trening-uni-regular-fit\/fd\/5783177\/culoare-c5401,negru-v8317693\/\" target=\"_blank\" rel=\"nofollow noopener sponsored\"><\/p>\n<div class=\"well js-product-review-modal-host\">\n<div class=\"row\">\n<div class=\"col-md-10 col-md-offset-1\">\n<div class=\"table-layout block-sm-layout row\">\n<div class=\"table-cell col-xs-12 col-sm-5 col-md-5\">\n<h3 class=\"strong mt-2\">Fii primul care scrie un review<\/h3>\n<p>Spune-ti parerea acordand o nota produsului<\/p>\n<\/p><\/div>\n<div class=\"table-cell hidden-xs col-sm-2 col-md-2 text-center\">\n                            <\/div>\n<div class=\"table-cell col-xs-12 col-sm-5 col-md-5\">\n<div class=\"form-group js-review-add-info\" data-url=\"?ref=review-box_add-review_icon\">\n                                    <label for=\"new-review-input\" class=\"control-label sr-only\">Rating:<\/label><\/p>\n<div class=\"star-rating star-rating-input  star-rating-lg  star-rating-input gtm_dx0pnu\">\n<div class=\"star-rating-inner gtm_dx0pnu\"><button type=\"button\" class=\"em em-star_fill gtm_dx0pnu\" data-rating=\"5\"><\/button><button type=\"button\" class=\"em em-star_fill gtm_dx0pnu\" data-rating=\"4\"><\/button><button type=\"button\" class=\"em em-star_fill gtm_dx0pnu\" data-rating=\"3\"><\/button><button type=\"button\" class=\"em em-star_fill gtm_dx0pnu\" data-rating=\"2\"><\/button><button type=\"button\" class=\"em em-star_fill gtm_dx0pnu\" data-rating=\"1\"><\/button><\/div>\n<p>        <input type=\"hidden\" name=\"new-review\" value=\"0\">\n    <\/div>\n<p>                                    <span class=\"star-rating-text star-rating-lg strong visible-xs-block visible-sm-block visible-md-block visible-lg-inline-block visible-xl-inline-block js-review-add-text\">Acorda o nota<\/span>\n                                <\/div>\n<p>                                                                <a href=\"?ref=review-box_add-review_btn\" class=\"btn btn-primary btn-lg js-product-review-modal gtm_prod_page_review_write\" data-modal-auth-redirect-url=\"?ref=review-box_add-review_btn\" data-modal-confirm-edit=\"\">Adauga un review<\/a>\n                            <\/div>\n<\/p><\/div>\n<\/p><\/div>\n<\/p><\/div>\n<\/p><\/div>\n<p><\/a><\/p>\n<p>\u00a0<\/p>\n","protected":false},"excerpt":{"rendered":"<p>Comanda acum June &#8211; Trening uni regular fit, Negru<br \/>\n                    Rate 0% dobanda cu MyWallet<\/p>\n","protected":false},"featured_media":950,"comment_status":"closed","ping_status":"open","template":"","meta":{"iawp_total_views":0},"product_brand":[242],"product_cat":[217,215,243],"product_tag":[],"class_list":{"0":"post-949","1":"product","2":"type-product","3":"status-publish","4":"has-post-thumbnail","6":"product_brand-june","7":"product_cat-trening-barbati","8":"product_cat-trening-barbati-firma","9":"product_cat-trening-barbati-june","10":"pa_magazin-emag-ro","12":"first","13":"instock","14":"product-type-external"},"_links":{"self":[{"href":"https:\/\/treningbarbati.ro\/index.php?rest_route=\/wp\/v2\/product\/949","targetHints":{"allow":["GET"]}}],"collection":[{"href":"https:\/\/treningbarbati.ro\/index.php?rest_route=\/wp\/v2\/product"}],"about":[{"href":"https:\/\/treningbarbati.ro\/index.php?rest_route=\/wp\/v2\/types\/product"}],"replies":[{"embeddable":true,"href":"https:\/\/treningbarbati.ro\/index.php?rest_route=%2Fwp%2Fv2%2Fcomments&post=949"}],"wp:featuredmedia":[{"embeddable":true,"href":"https:\/\/treningbarbati.ro\/index.php?rest_route=\/wp\/v2\/media\/950"}],"wp:attachment":[{"href":"https:\/\/treningbarbati.ro\/index.php?rest_route=%2Fwp%2Fv2%2Fmedia&parent=949"}],"wp:term":[{"taxonomy":"product_brand","embeddable":true,"href":"https:\/\/treningbarbati.ro\/index.php?rest_route=%2Fwp%2Fv2%2Fproduct_brand&post=949"},{"taxonomy":"product_cat","embeddable":true,"href":"https:\/\/treningbarbati.ro\/index.php?rest_route=%2Fwp%2Fv2%2Fproduct_cat&post=949"},{"taxonomy":"product_tag","embeddable":true,"href":"https:\/\/treningbarbati.ro\/index.php?rest_route=%2Fwp%2Fv2%2Fproduct_tag&post=949"}],"curies":[{"name":"wp","href":"https:\/\/api.w.org\/{rel}","templated":true}]}}