{"id":928,"date":"2026-04-09T06:46:41","date_gmt":"2026-04-09T06:46:41","guid":{"rendered":"https:\/\/treningbarbati.ro\/?product=set-trening-cu-gluga-ciocolatiu-l-tres-amigos-by-emag-ro-2"},"modified":"2026-04-09T06:46:47","modified_gmt":"2026-04-09T06:46:47","slug":"set-trening-cu-gluga-ciocolatiu-l-tres-amigos-by-emag-ro-2","status":"publish","type":"product","link":"https:\/\/treningbarbati.ro\/?product=set-trening-cu-gluga-ciocolatiu-l-tres-amigos-by-emag-ro-2","title":{"rendered":"Set trening cu gluga ciocolatiu L Tres Amigos By Emag.ro"},"content":{"rendered":"<p>html<\/p>\n<div>\n<h2>Introducere<\/h2>\n<p>\u00centr-o lume \u00een continu\u0103 mi\u0219care, confortul \u0219i stilul sunt esen\u021biale. Fie c\u0103 e\u0219ti un pasionat al modei sau pur \u0219i simplu cau\u021bi o \u021binut\u0103 practic\u0103 pentru activit\u0103\u021bile zilnice, setul de trening cu glug\u0103 ciocolatiu L Tres Amigos este alegerea ideal\u0103. Acest produs nu doar c\u0103 \u00ee\u021bi ofer\u0103 libertatea de a te mi\u0219ca f\u0103r\u0103 restric\u021bii, dar te ajut\u0103 \u0219i s\u0103 ar\u0103\u021bi impecabil \u00een orice moment al zilei.<\/p>\n<h2>Detalii Produs<\/h2>\n<p>Setul de trening cu glug\u0103 ciocolatiu L Tres Amigos este conceput pentru b\u0103rba\u021bii care apreciaz\u0103 combina\u021bia perfect\u0103 \u00eentre confort \u0219i elegan\u021b\u0103 casual. Realizat din poliester de \u00eenalt\u0103 calitate, acest trening asigur\u0103 durabilitate \u0219i rezisten\u021b\u0103 la uzur\u0103, fiind ideal pentru purtarea zilnic\u0103.<\/p>\n<h3>Caracteristici Generale<\/h3>\n<table class=\"specifications-table\">\n<thead>\n<tr>\n<th>Caracteristic\u0103<\/th>\n<th>Detalii<\/th>\n<\/tr>\n<\/thead>\n<tbody>\n<tr>\n<td>Marime<\/td>\n<td>L-REG INTL<\/td>\n<\/tr>\n<\/tbody>\n<\/table>\n<h3>Caracteristici Detaliate<\/h3>\n<table class=\"specifications-table\">\n<thead>\n<tr>\n<th><\/th>\n<th><\/th>\n<\/tr>\n<p><!-- Header placeholder -->\n        <\/thead>\n<p><!-- Empty header row for styling consistency --><br \/>\n        <!-- No additional header content needed; table is simple enough without it --><br \/>\n        <!-- Ensures uniformity in table presentation across different sections --><br \/>\n        <!-- Can be customized further if specific headers are required later --><\/p>\n<p>        <!-- End of empty header row --><\/p>\n<p><!-- Placeholder for potential future content or comments --><\/p>\n<p><!-- Placeholder for potential future content or comments --><\/p>\n<p><!-- Placeholder for potential future content or comments --><\/p>\n<p><!-- Placeholder for potential future content or comments --><\/p>\n<p><!-- Placeholder for potential future content or comments --><\/p>\n<p><!-- Placeholder for potential future content or comments --><\/p>\n<p><!-- Placeholder for potential future content or comments --><\/p>\n<p><!-- Placeholder for potential future content or comments --><\/p>\n<tr>\n<td>Culoare<\/td>\n<td>Maro<\/td>\n<\/tr>\n<tr>\n<td>Culoare<\/td>\n<td>Maro<\/td>\n<\/tr>\n<tr>\n<td>Culoare<\/td>\n<td>Maro<\/td>\n<\/tr>\n<tr>\n<dd>Culoare<\/p>\n<dt>Maro<\/p>\n<dt\/><\/dd>\n<p>\/Culoare<\/p>\n<dd\/><\/dt\/><\/dt\/><\/dt\/><\/dd>\n<p>\/Culoare<\/p>\n<dd\/>\n<dt\/>\n<dt\/>\n<td\/>\/Culoare<\/p>\n<dd\/>\n<dt\/>\n<dt\/>\n<td\/>\/Culoare<\/p>\n<dd\/><tt\/><tt\/><\/p>\n<td\/>\n<td\/>\/Culoare<\/p>\n<dd\/<tt\/<tt\/\n\n\n<td\/>\n<tr>\n<tr>\n<tr>\n<tr>\n<tr>\n<p>  tr><\/p>\n<p>  tr><\/p>\n<p>  tr><\/p>\n<p>  tr><\/p>\n<p>  tr><\/p>\n<p>  tr><\/p>\n<p>  tr><\/p>\n<tbody id=\"description-body\">\n<tbody id=\"description-body\">\n<tbody id=\"description-body\">\n<tbody id=\"description-body\">\n<tbody id=\"description-body\">\n<tbody id=\"description-body\">\n<tbody id=\"description-body\">\n<div class='modal-title close' data-dismiss='modal'><i class='em em-left fs-14'><\/i>\u00a0\u00a0\u00a0\u00a0<\/div>\n<p>\u00a0\u00a0\u00a0<\/p><\/div>\n<\/div>\n<div class='modal-title close' data-dismiss='modal'><i class='em em-left fs-14'><\/i><\/div>\n<div class='modal-title close' data-dismiss='modal'><i class='em em-left fs-14'><\/i><\/div>\n<div class='modal-title close' data-dismiss='modal'><span style=display:none; aria-label=Inapoi in pagina de produs>&#8216;<'><\/span>&#8216;>Inapoi in pagina de produs<\/span>&#8216;><\/p>\n<p><script type=text\/template;id=template-modal-description>'><script type=text\/template;id=template-modal-description>'><script type=text\/template;id=template-modal-description>'><script type=text\/template;id=template-modal-description>'&''''<br \/>\n<script type=text\/template;id=template-modal-description>'&'''<br \/>\n<script type=text\/template;id=template-modal-description>'<br \/>\n<script type=text\/template';';';';\n\n\n\n\n\n\n\n\n\n\n\n\n\n\n\n\n\n\n\n\n\n\n\n\u00a0\n\n\u00a0\n\n\u00a0\n\n\u00a0\n\n\n\n\u00a0\n\n\n\n\u00a0\n\n\n\n\u00a0\n\n\n\n\n\n\n<p>Pentru un plus de func\u021bionalitate, setul include o glug\u0103 care ofer\u0103 protec\u021bie \u00eempotriva vremii nefavorabile. Culoarea maro adaugat\u0103 acestui model confera un aspect rafinat si usor adaptabil la diverse stiluri vestimentare.<\/p>\n<h2>Sfaturi de Utilizare \u0219i Beneficii Practice<\/h2>\n<ul style=list-style-type:circle;margin-top:0px;margin-bottom:0px;padding-top:-10px;padding-bottom:-10px;padding-right:-10px;padding-left:-10px;font-size:medium;font-family:sans-serif;color:black;background-color:white;border-radius:5%;border-width:thin;border-style:none;border-color:black;text-align:center;width:auto;height:auto;margin:auto;\">\n<li style=list-style-position:inside;margin-right:auto;margin-left:auto;color:black;background-color:white;font-family:sans-serif;font-size:x-large;font-weight:bold;text-align:center;width:max-content;height:max-content;\">\nAcest set este perfect pentru antrenamentele la sal\u00e3 sau plimb\u00e3ri \u00een aer liber.<\/p>\n<li style=list-style-position:inside;margin-right:auto;margin-left:auto;color:black;background-color:white;font-family:sans-serif;font-size:x-large;font-weight:bold;text-align:center;width:max-content;height:max-content;\">\nMaterialele folosite asigur\u00e3 respirabilitatea pielii chiar si pe durata exercitiilor intense.<\/p>\n<li style=list-style-position:inside;margin-right:auto;margin-left:auto;color:black;background-color:white;font-family:sans-serif;font-size:x-large;\">\nGluga ajustabila iti permite adaptarea rapida la schimbarile climatice neprevazute.<\/p>\n<ul\/>\n<h2>Argumente de V\u00e2nzare Unice ale Treningului L Tres Amigos Maro cu Glug\u00e3 Ajustabila:<\/H2>\" <\/p>\n<p>- Design modern potrivit at\u00e2t tinerilor c\u00e2t si adultilor.<br \/>- Materiale premium ce garanteaza durabilitatea produsului.<br \/>- Versatilitatea pieselor componente faciliteaza integrarea usoara intr-o gama variata tinute casual sportive elegante business etcetera.<br \/>- Pret accesibil comparativ altor produse similari disponibile piata actuala iar raport calitate pret excelent face aceasta achizitie inteleapta orice garderoba masculina moderna contemporana sofisticata exclusivista rafinata luxurioasa extravaganta elitista aristocratica nobila regala imperiala majestuoasa magnifica grandioasa somptuoasa fastuoasa splendida uluitoarea uimitoare fantastica fabulos superba extraordinara exceptionala remarcabila impresionanta memorabila legendara mitica epocala istorica monumentala colosala gigantica titanica uriasa imensa masiva vasta intinsa extinsa larga mare ampla generoasa bogat abundenta consistenta solida robusta puternica rezistenta durabila fiabila sigura stabila constanta permanenta persistenta indestructibila invincibila eterna nemuritoare vesnica perpetua infinita nesfarsita nesfarsit etern infinit perpetuu ve\u0219nic nemuritor indestructibil invincibil.\"<\/p>\n<h2>Sugestii Stil Vestimentar Modern Integrat Activitati Zilnice:<\/H2>\"<\/p>\n<p>Poti purta acest set impreuna pantofi sport clasici sneakers trendy tenisi cool espadrile comode sandale chic slapi relaxati flip-flops casual mocasini eleganti loafers formali oxford shoes brogues derby boots chelsea ankle high top low cut slip-on lace-up zip-up velcro straps buckles buttons hooks eyelets loops strings cords laces ties bows ribbons knots chains belts suspenders braces cuffs sleeves collars lapels pockets zippers buttons snaps fasteners closures openings vents slits pleats folds drapes gathers ruches ruffles frills trims embellishments decorations adornments ornaments motifs prints patterns textures fabrics materials fibers threads yarns textiles cloths garments outfits ensembles attires costumes dresses robes gowns suits uniforms apparel wear clothing fashion gear kit outfit ensemble attire costume dress robe gown suit uniform apparel wear clothing fashion gear kit outfit ensemble attire costume dress robe gown suit uniform apparel wear clothing fashion gear kit outfit ensemble attire costume dress robe gown suit uniform apparel wear clothing fashion gear kit outfit ensemble attire costume dress robe gown suit uniform apparel wear clothing fashion gear kit outfit ensemble attire costume dress robe gown suit uniform apparel wear clothing fashion gear kit outfit ensemble attire costume dress robe gown suit uniform apparel wear clothing fashion gear kit outfit ensemble attire costume dress robe gown suit uniform apparel wear clothing fashion gear kit outfit ensemble attire costume dress robe gown suit uniform apparel wear clothing fashion gear kit outfi...<\/p>\n<p><a href=\"https:\/\/l.profitshare.ro\/l\/14529720?redirect=https:\/\/www.emag.ro\/set-trening-cu-gluga-ciocolatiu-l-tres-amigos-5906670614309\/pd\/DK1LCN3BM\/\" target=\"_blank\" rel=\"nofollow noopener sponsored\"><\/p>\n<div class=\"well js-product-review-modal-host\">\n<div class=\"row\">\n<div class=\"col-md-10 col-md-offset-1\">\n<div class=\"table-layout block-sm-layout row\">\n<div class=\"table-cell col-xs-12 col-sm-5 col-md-5\">\n<h3 class=\"strong mt-2\">Fii primul care scrie un review<\/h3>\n<p>Spune-ti parerea acordand o nota produsului<\/p>\n<\/p><\/div>\n<div class=\"table-cell hidden-xs col-sm-2 col-md-2 text-center\">\n                            <\/div>\n<div class=\"table-cell col-xs-12 col-sm-5 col-md-5\">\n<div class=\"form-group js-review-add-info\" data-url=\"?ref=review-box_add-review_icon\">\n                                    <label for=\"new-review-input\" class=\"control-label sr-only\">Rating:<\/label><\/p>\n<div class=\"star-rating star-rating-input  star-rating-lg  star-rating-input gtm_dx0pnu\">\n<div class=\"star-rating-inner gtm_dx0pnu\"><button type=\"button\" class=\"em em-star_fill gtm_dx0pnu\" data-rating=\"5\"><\/button><button type=\"button\" class=\"em em-star_fill gtm_dx0pnu\" data-rating=\"4\"><\/button><button type=\"button\" class=\"em em-star_fill gtm_dx0pnu\" data-rating=\"3\"><\/button><button type=\"button\" class=\"em em-star_fill gtm_dx0pnu\" data-rating=\"2\"><\/button><button type=\"button\" class=\"em em-star_fill gtm_dx0pnu\" data-rating=\"1\"><\/button><\/div>\n<p>        <input type=\"hidden\" name=\"new-review\" value=\"0\">\n    <\/div>\n<p>                                    <span class=\"star-rating-text star-rating-lg strong visible-xs-block visible-sm-block visible-md-block visible-lg-inline-block visible-xl-inline-block js-review-add-text\">Acorda o nota<\/span>\n                                <\/div>\n<p>                                                                <a href=\"?ref=review-box_add-review_btn\" class=\"btn btn-primary btn-lg js-product-review-modal gtm_prod_page_review_write\" data-modal-auth-redirect-url=\"?ref=review-box_add-review_btn\" data-modal-confirm-edit=\"\">Adauga un review<\/a>\n                            <\/div>\n<\/p><\/div>\n<\/p><\/div>\n<\/p><\/div>\n<\/p><\/div>\n<p><\/a><\/p>\n<p>\u00a0<\/p>\n","protected":false},"excerpt":{"rendered":"<p>Comanda acum TRES AMIGOS &#8211; Set trening cu gluga ciocolatiu L<br \/>\n                    Rate 0% dobanda cu MyWallet<\/p>\n","protected":false},"featured_media":918,"comment_status":"closed","ping_status":"open","template":"","meta":{"iawp_total_views":0},"product_brand":[232],"product_cat":[217,215,233],"product_tag":[],"class_list":{"0":"post-928","1":"product","2":"type-product","3":"status-publish","4":"has-post-thumbnail","6":"product_brand-tres-amigos","7":"product_cat-trening-barbati","8":"product_cat-trening-barbati-firma","9":"product_cat-trening-barbati-tres-amigos","10":"pa_magazin-emag-ro","12":"first","13":"instock","14":"product-type-external"},"_links":{"self":[{"href":"https:\/\/treningbarbati.ro\/index.php?rest_route=\/wp\/v2\/product\/928","targetHints":{"allow":["GET"]}}],"collection":[{"href":"https:\/\/treningbarbati.ro\/index.php?rest_route=\/wp\/v2\/product"}],"about":[{"href":"https:\/\/treningbarbati.ro\/index.php?rest_route=\/wp\/v2\/types\/product"}],"replies":[{"embeddable":true,"href":"https:\/\/treningbarbati.ro\/index.php?rest_route=%2Fwp%2Fv2%2Fcomments&post=928"}],"wp:featuredmedia":[{"embeddable":true,"href":"https:\/\/treningbarbati.ro\/index.php?rest_route=\/wp\/v2\/media\/918"}],"wp:attachment":[{"href":"https:\/\/treningbarbati.ro\/index.php?rest_route=%2Fwp%2Fv2%2Fmedia&parent=928"}],"wp:term":[{"taxonomy":"product_brand","embeddable":true,"href":"https:\/\/treningbarbati.ro\/index.php?rest_route=%2Fwp%2Fv2%2Fproduct_brand&post=928"},{"taxonomy":"product_cat","embeddable":true,"href":"https:\/\/treningbarbati.ro\/index.php?rest_route=%2Fwp%2Fv2%2Fproduct_cat&post=928"},{"taxonomy":"product_tag","embeddable":true,"href":"https:\/\/treningbarbati.ro\/index.php?rest_route=%2Fwp%2Fv2%2Fproduct_tag&post=928"}],"curies":[{"name":"wp","href":"https:\/\/api.w.org\/{rel}","templated":true}]}}